{"id":88,"date":"2021-09-04T12:25:17","date_gmt":"2021-09-04T15:25:17","guid":{"rendered":"http:\/\/www.numerotres.org\/nonumentos\/?page_id=88"},"modified":"2021-09-19T08:05:26","modified_gmt":"2021-09-19T11:05:26","slug":"principios-y-objetivos","status":"publish","type":"page","link":"https:\/\/www.numerotres.org\/nonumentos\/principios-y-objetivos\/","title":{"rendered":"Principios y Objetivos"},"content":{"rendered":"\t\t<div data-elementor-type=\"wp-page\" data-elementor-id=\"88\" class=\"elementor elementor-88\" data-elementor-settings=\"[]\">\n\t\t\t\t\t\t\t<div class=\"elementor-section-wrap\">\n\t\t\t\t\t\t\t<section class=\"elementor-section elementor-top-section elementor-element elementor-element-674a982 elementor-section-boxed elementor-section-height-default elementor-section-height-default\" data-id=\"674a982\" data-element_type=\"section\">\n\t\t\t\t\t\t<div class=\"elementor-container elementor-column-gap-default\">\n\t\t\t\t\t<div class=\"elementor-column elementor-col-100 elementor-top-column elementor-element elementor-element-a216830\" data-id=\"a216830\" data-element_type=\"column\">\n\t\t\t<div class=\"elementor-widget-wrap elementor-element-populated\">\n\t\t\t\t\t\t\t\t<div class=\"elementor-element elementor-element-e5265fa elementor-widget elementor-widget-spacer\" data-id=\"e5265fa\" data-element_type=\"widget\" data-widget_type=\"spacer.default\">\n\t\t\t\t<div class=\"elementor-widget-container\">\n\t\t\t\t\t<div class=\"elementor-spacer\">\n\t\t\t<div class=\"elementor-spacer-inner\"><\/div>\n\t\t<\/div>\n\t\t\t\t<\/div>\n\t\t\t\t<\/div>\n\t\t\t\t\t<\/div>\n\t\t<\/div>\n\t\t\t\t\t\t\t<\/div>\n\t\t<\/section>\n\t\t\t\t<section class=\"elementor-section elementor-top-section elementor-element elementor-element-063aa1d elementor-section-boxed elementor-section-height-default elementor-section-height-default\" data-id=\"063aa1d\" data-element_type=\"section\">\n\t\t\t\t\t\t<div class=\"elementor-container elementor-column-gap-default\">\n\t\t\t\t\t<div class=\"elementor-column elementor-col-50 elementor-top-column elementor-element elementor-element-910a836\" data-id=\"910a836\" data-element_type=\"column\">\n\t\t\t<div class=\"elementor-widget-wrap elementor-element-populated\">\n\t\t\t\t\t\t\t\t<section class=\"elementor-section elementor-inner-section elementor-element elementor-element-44fe524 elementor-section-boxed elementor-section-height-default elementor-section-height-default\" data-id=\"44fe524\" data-element_type=\"section\">\n\t\t\t\t\t\t<div class=\"elementor-container elementor-column-gap-default\">\n\t\t\t\t\t<div class=\"elementor-column elementor-col-100 elementor-inner-column elementor-element elementor-element-b6f9905\" data-id=\"b6f9905\" data-element_type=\"column\">\n\t\t\t<div class=\"elementor-widget-wrap elementor-element-populated\">\n\t\t\t\t\t\t\t\t<div class=\"elementor-element elementor-element-141b508 elementor-widget elementor-widget-heading\" data-id=\"141b508\" data-element_type=\"widget\" data-widget_type=\"heading.default\">\n\t\t\t\t<div class=\"elementor-widget-container\">\n\t\t\t<h2 class=\"elementor-heading-title elementor-size-default\">EL PROYECTO<\/h2>\t\t<\/div>\n\t\t\t\t<\/div>\n\t\t\t\t\t<\/div>\n\t\t<\/div>\n\t\t\t\t\t\t\t<\/div>\n\t\t<\/section>\n\t\t\t\t<section class=\"elementor-section elementor-inner-section elementor-element elementor-element-8acedf3 elementor-section-boxed elementor-section-height-default elementor-section-height-default\" data-id=\"8acedf3\" data-element_type=\"section\">\n\t\t\t\t\t\t<div class=\"elementor-container elementor-column-gap-default\">\n\t\t\t\t\t<div class=\"elementor-column elementor-col-100 elementor-inner-column elementor-element elementor-element-97386d7\" data-id=\"97386d7\" data-element_type=\"column\">\n\t\t\t<div class=\"elementor-widget-wrap elementor-element-populated\">\n\t\t\t\t\t\t\t\t<div class=\"elementor-element elementor-element-f92686c elementor-arrows-position-inside elementor-pagination-position-outside elementor-widget elementor-widget-image-carousel\" data-id=\"f92686c\" data-element_type=\"widget\" data-settings=\"{&quot;slides_to_show&quot;:&quot;1&quot;,&quot;navigation&quot;:&quot;both&quot;,&quot;autoplay&quot;:&quot;yes&quot;,&quot;pause_on_hover&quot;:&quot;yes&quot;,&quot;pause_on_interaction&quot;:&quot;yes&quot;,&quot;autoplay_speed&quot;:5000,&quot;infinite&quot;:&quot;yes&quot;,&quot;effect&quot;:&quot;slide&quot;,&quot;speed&quot;:500}\" data-widget_type=\"image-carousel.default\">\n\t\t\t\t<div class=\"elementor-widget-container\">\n\t\t\t\t\t<div class=\"elementor-image-carousel-wrapper swiper-container\" dir=\"ltr\">\n\t\t\t<div class=\"elementor-image-carousel swiper-wrapper\">\n\t\t\t\t\t\t\t\t<div class=\"swiper-slide\"><figure class=\"swiper-slide-inner\"><img decoding=\"async\" class=\"swiper-slide-image\" src=\"https:\/\/www.numerotres.org\/nonumentos\/wp-content\/uploads\/2021\/09\/villa-san-luis-de-las-condes.jpg\" alt=\"Villa San Luis de Las Condes\" \/><figcaption class=\"elementor-image-carousel-caption\">Fotograf\u00eda Villa San Luis, Alvaro Hope, 2021.<\/figcaption><\/figure><\/div>\t\t\t<\/div>\n\t\t\t\t\t<\/div>\n\t\t\t\t<\/div>\n\t\t\t\t<\/div>\n\t\t\t\t\t<\/div>\n\t\t<\/div>\n\t\t\t\t\t\t\t<\/div>\n\t\t<\/section>\n\t\t\t\t\t<\/div>\n\t\t<\/div>\n\t\t\t\t<div class=\"elementor-column elementor-col-50 elementor-top-column elementor-element elementor-element-546f648\" data-id=\"546f648\" data-element_type=\"column\">\n\t\t\t<div class=\"elementor-widget-wrap elementor-element-populated\">\n\t\t\t\t\t\t\t\t<div class=\"elementor-element elementor-element-7fdbeb3 elementor-widget elementor-widget-text-editor\" data-id=\"7fdbeb3\" data-element_type=\"widget\" data-widget_type=\"text-editor.default\">\n\t\t\t\t<div class=\"elementor-widget-container\">\n\t\t\t\t\t\t\t<div style=\"text-align: justify; font-size: 13px;\">\u00bfPueden los monumentos destruidos ser reconocidos en su valor patrimonial e hist\u00f3rico?\n\u00bfAcaso pueden los monumentos reapropiados y resignificados formar parte del patrimonio\ncultural institucionalmente establecido? La presente investigaci\u00f3n busca abordar los procesos\nde redefinici\u00f3n actual del campo patrimonial en Chile en la \u00faltima d\u00e9cada. En un sentido amplio\ne inicial, entendemos por redefinici\u00f3n actual del patrimonio al conjunto de hitos urbanos\ncompuesto por diversas praxis materiales, narrativas y simb\u00f3licas que ponen en desequilibrio el\nconcepto can\u00f3nico del patrimonio cultural de la naci\u00f3n, lo que abre su transformaci\u00f3n material\ny relacional, que amenaza el discurso establecido sobre lo tradicionalmente entendido como\npatrimonio y sus criterios de autenticidad e historicidad. En t\u00e9rminos anal\u00edticos, comprendemos\ntres disputas: la destrucci\u00f3n y reconstrucci\u00f3n del patrimonio, como una lucha permanente\nentre los movimientos sociales y el Estado; los intentos e insistencia por desafectar legalmente\nalgunos monumentos, como una lucha entre las memorias sociales y los intereses econ\u00f3micos\ny el negacionismo hist\u00f3rico; y las contranarrativas a los patrimonios, como una lucha por\nresignificar y travestir los fundamentos hist\u00f3ricos que le dan vida y permanencia a dichos\nmonumentos. En estos tres contextos, se evidencia las fricciones entre pasado y presente,\ndonde el patrimonio, sospechamos, act\u00faa como una superficie \u201cen blanco\u201d para expresar\ny corporalizar la fricci\u00f3n pol\u00edtica que encuentra un necesario exponente en el patrimonio y\nsu violenta intervenci\u00f3n, y que en su expresi\u00f3n m\u00e1s \u00edntima, cuestiona el valor hist\u00f3rico del\npatrimonio que sobreviene as\u00ed, en el cuestionamiento a \u201clo hist\u00f3rico\u201d. As\u00ed, la investigaci\u00f3n\nse pregunta; \u00bfqu\u00e9 memorias e identidades se disputan en los procesos de redefinici\u00f3n del\npatrimonio cultural? \u00bfA trav\u00e9s de qu\u00e9 relatos y pr\u00e1cticas &#8211; sea de desafecci\u00f3n, destrucci\u00f3n, o\ncontranarrativas patrimoniales &#8211; se redefine el patrimonio cultural del Chile actual? Partimos\nde la premisa que, m\u00e1s all\u00e1 del evidente desplazamiento cr\u00edtico en la relaci\u00f3n con el pasado,\nla memoria y la identidad, las fisuras del modelo pol\u00edtico, econ\u00f3mico y social neoliberal\ndesestabilizan el campo patrimonial expres\u00e1ndose en acciones que incluyen la destrucci\u00f3n y\nla desafecci\u00f3n, pero tambi\u00e9n la apropiaci\u00f3n, resignificaci\u00f3n y emergencia de contranarrativas\npatrimoniales y nuevas monumentalidades.<\/div>\t\t\t\t\t\t<\/div>\n\t\t\t\t<\/div>\n\t\t\t\t\t<\/div>\n\t\t<\/div>\n\t\t\t\t\t\t\t<\/div>\n\t\t<\/section>\n\t\t\t\t<section class=\"elementor-section elementor-top-section elementor-element elementor-element-5b67aa5 elementor-section-boxed elementor-section-height-default elementor-section-height-default\" data-id=\"5b67aa5\" data-element_type=\"section\">\n\t\t\t\t\t\t<div class=\"elementor-container elementor-column-gap-default\">\n\t\t\t\t\t<div class=\"elementor-column elementor-col-50 elementor-top-column elementor-element elementor-element-49eef1a\" data-id=\"49eef1a\" data-element_type=\"column\">\n\t\t\t<div class=\"elementor-widget-wrap\">\n\t\t\t\t\t\t\t\t\t<\/div>\n\t\t<\/div>\n\t\t\t\t<div class=\"elementor-column elementor-col-50 elementor-top-column elementor-element elementor-element-1b44fca\" data-id=\"1b44fca\" data-element_type=\"column\">\n\t\t\t<div class=\"elementor-widget-wrap\">\n\t\t\t\t\t\t\t\t\t<\/div>\n\t\t<\/div>\n\t\t\t\t\t\t\t<\/div>\n\t\t<\/section>\n\t\t\t\t\t\t<\/div>\n\t\t\t\t\t<\/div>\n\t\t","protected":false},"excerpt":{"rendered":"<p>EL PROYECTO Fotograf\u00eda Villa San Luis, Alvaro Hope, 2021. \u00bfPueden los monumentos destruidos ser reconocidos en su valor patrimonial e hist\u00f3rico? \u00bfAcaso pueden los monumentos reapropiados y resignificados formar parte del patrimonio cultural institucionalmente establecido? La presente investigaci\u00f3n busca abordar los procesos de redefinici\u00f3n actual del campo patrimonial en Chile en la \u00faltima d\u00e9cada. En [&hellip;]<\/p>\n","protected":false},"author":1,"featured_media":0,"parent":0,"menu_order":0,"comment_status":"closed","ping_status":"closed","template":"elementor_header_footer","meta":{"footnotes":""},"class_list":["post-88","page","type-page","status-publish","hentry"],"_links":{"self":[{"href":"https:\/\/www.numerotres.org\/nonumentos\/wp-json\/wp\/v2\/pages\/88","targetHints":{"allow":["GET"]}}],"collection":[{"href":"https:\/\/www.numerotres.org\/nonumentos\/wp-json\/wp\/v2\/pages"}],"about":[{"href":"https:\/\/www.numerotres.org\/nonumentos\/wp-json\/wp\/v2\/types\/page"}],"author":[{"embeddable":true,"href":"https:\/\/www.numerotres.org\/nonumentos\/wp-json\/wp\/v2\/users\/1"}],"replies":[{"embeddable":true,"href":"https:\/\/www.numerotres.org\/nonumentos\/wp-json\/wp\/v2\/comments?post=88"}],"version-history":[{"count":37,"href":"https:\/\/www.numerotres.org\/nonumentos\/wp-json\/wp\/v2\/pages\/88\/revisions"}],"predecessor-version":[{"id":1456,"href":"https:\/\/www.numerotres.org\/nonumentos\/wp-json\/wp\/v2\/pages\/88\/revisions\/1456"}],"wp:attachment":[{"href":"https:\/\/www.numerotres.org\/nonumentos\/wp-json\/wp\/v2\/media?parent=88"}],"curies":[{"name":"wp","href":"https:\/\/api.w.org\/{rel}","templated":true}]}}