{"id":733,"date":"2021-09-12T22:33:52","date_gmt":"2021-09-13T01:33:52","guid":{"rendered":"http:\/\/www.numerotres.org\/nonumentos\/?page_id=733"},"modified":"2021-09-22T22:52:46","modified_gmt":"2021-09-23T01:52:46","slug":"balneario-popular-rocas-de-santo-domingo","status":"publish","type":"page","link":"https:\/\/www.numerotres.org\/nonumentos\/balneario-popular-rocas-de-santo-domingo\/","title":{"rendered":"Balneario Popular Rocas de Santo Domingo"},"content":{"rendered":"\t\t<div data-elementor-type=\"wp-page\" data-elementor-id=\"733\" class=\"elementor elementor-733\" data-elementor-settings=\"[]\">\n\t\t\t\t\t\t\t<div class=\"elementor-section-wrap\">\n\t\t\t\t\t\t\t<section class=\"elementor-section elementor-top-section elementor-element elementor-element-8352e6d elementor-section-boxed elementor-section-height-default elementor-section-height-default\" data-id=\"8352e6d\" data-element_type=\"section\">\n\t\t\t\t\t\t<div class=\"elementor-container elementor-column-gap-default\">\n\t\t\t\t\t<div class=\"elementor-column elementor-col-33 elementor-top-column elementor-element elementor-element-8920743\" data-id=\"8920743\" data-element_type=\"column\">\n\t\t\t<div class=\"elementor-widget-wrap elementor-element-populated\">\n\t\t\t\t\t\t\t\t<div class=\"elementor-element elementor-element-da0fe0b elementor-widget elementor-widget-heading\" data-id=\"da0fe0b\" data-element_type=\"widget\" data-widget_type=\"heading.default\">\n\t\t\t\t<div class=\"elementor-widget-container\">\n\t\t\t<h1 class=\"elementor-heading-title elementor-size-default\">\/<\/h1>\t\t<\/div>\n\t\t\t\t<\/div>\n\t\t\t\t\t<\/div>\n\t\t<\/div>\n\t\t\t\t<div class=\"elementor-column elementor-col-33 elementor-top-column elementor-element elementor-element-ad86366\" data-id=\"ad86366\" data-element_type=\"column\">\n\t\t\t<div class=\"elementor-widget-wrap elementor-element-populated\">\n\t\t\t\t\t\t\t\t<div class=\"elementor-element elementor-element-a453f83 elementor-widget elementor-widget-heading\" data-id=\"a453f83\" data-element_type=\"widget\" data-widget_type=\"heading.default\">\n\t\t\t\t<div class=\"elementor-widget-container\">\n\t\t\t<h2 class=\"elementor-heading-title elementor-size-default\">BALNEARIO POPULAR ROCAS DE SANTO DOMINGO<\/h2>\t\t<\/div>\n\t\t\t\t<\/div>\n\t\t\t\t\t<\/div>\n\t\t<\/div>\n\t\t\t\t<div class=\"elementor-column elementor-col-33 elementor-top-column elementor-element elementor-element-b08fc83\" data-id=\"b08fc83\" data-element_type=\"column\">\n\t\t\t<div class=\"elementor-widget-wrap\">\n\t\t\t\t\t\t\t\t\t<\/div>\n\t\t<\/div>\n\t\t\t\t\t\t\t<\/div>\n\t\t<\/section>\n\t\t\t\t<section class=\"elementor-section elementor-top-section elementor-element elementor-element-9a3fb34 elementor-section-boxed elementor-section-height-default elementor-section-height-default\" data-id=\"9a3fb34\" data-element_type=\"section\">\n\t\t\t\t\t\t<div class=\"elementor-container elementor-column-gap-default\">\n\t\t\t\t\t<div class=\"elementor-column elementor-col-50 elementor-top-column elementor-element elementor-element-7825ed5\" data-id=\"7825ed5\" data-element_type=\"column\">\n\t\t\t<div class=\"elementor-widget-wrap elementor-element-populated\">\n\t\t\t\t\t\t\t\t<section class=\"elementor-section elementor-inner-section elementor-element elementor-element-42caf1b elementor-section-boxed elementor-section-height-default elementor-section-height-default\" data-id=\"42caf1b\" data-element_type=\"section\">\n\t\t\t\t\t\t<div class=\"elementor-container elementor-column-gap-default\">\n\t\t\t\t\t<div class=\"elementor-column elementor-col-100 elementor-inner-column elementor-element elementor-element-f8d062d\" data-id=\"f8d062d\" data-element_type=\"column\">\n\t\t\t<div class=\"elementor-widget-wrap elementor-element-populated\">\n\t\t\t\t\t\t\t\t<div class=\"elementor-element elementor-element-8240185 elementor-widget elementor-widget-text-editor\" data-id=\"8240185\" data-element_type=\"widget\" data-widget_type=\"text-editor.default\">\n\t\t\t\t<div class=\"elementor-widget-container\">\n\t\t\t\t\t\t\t<div style=\"text-align: justify; overflow: scroll; height: 780px; padding-right: 9px; overflow-x: hidden;\">El Balneario Popular Rocas de Santo Domingo se compone de las ruinas de un complejo vacacional construido en el Gobierno de Salvador Allende en la orilla de la playa de Marbella, en la comuna de Santo Domingo. Desde su inauguraci\u00f3n a fines del a\u00f1o 1971 hasta la actualidad, ha atravesado diferentes y contradictorios procesos hist\u00f3ricos que han concluido, paradigm\u00e1ticamente, en la aprobaci\u00f3n de su declaratoria como monumento hist\u00f3rico el 12 de noviembre de 2014, casi exactamente un a\u00f1o despu\u00e9s de su completa demolici\u00f3n y desmantelamiento.\nEn el marco de la medida n\u00ba29 del programa inicial del Gobierno de la Unidad Popular \u201cEducaci\u00f3n F\u00edsica y Turismo Popular\u201d, se implementaron 16 complejos tur\u00edsticos en diferentes playas a lo largo del pa\u00eds, con el objetivo de crear espacios de veraneo para las clases populares. Dirigido por el Ministerio de Vivienda y Urbanismo (MINVU), se desarroll\u00f3 un dise\u00f1o de caba\u00f1as prefabricadas que pudieran albergar grandes cantidades de veraneantes, complementadas por bodegas, canchas deportivas, jugos infantiles, cocina y comedores colectivos. En particular, el Balneario Popular Rocas de Santo Domingo alcanz\u00f3 a ser utilizado en dos periodos de veraneo (1971-1972, 1972-1973).\nLuego del golpe militar de 1973, a trav\u00e9s de un plan de inteligencia presentado a la Junta Militar por Manuel Contreras, en ese entonces director del Regimiento Escuela de Ingenieros Militares de Tejas Verdes, se enviaron integrantes de las diferentes ramas de las Fuerzas Armadas a las instalaciones de este balneario para recibir instrucci\u00f3n y comenzar a estructurar lo que posteriormente ser\u00eda el mayor organismo represivo durante los primeros a\u00f1os de la Dictadura C\u00edvico-Militar, la Direcci\u00f3n de Inteligencia Nacional (DINA).\nEl Balneario Popular Rocas de Santo Domingo se mantuvo bajo la propiedad de la DINA hasta que en el a\u00f1o 1978, luego de su disoluci\u00f3n, pas\u00f3 a manos de la Central Nacional de Informaciones (CNI), siendo utilizada como lugar de vacaciones de su personal y en paralelo, seg\u00fan el relato de sobrevivientes del espacio, como centro de detenci\u00f3n clandestino. Finalmente, no fue hasta 1990 que la propiedad pas\u00f3 a manos de El Ej\u00e9rcito de Chile, permaneciendo en estado de abandono y restringiendo su entrada al p\u00fablico.\nEn noviembre de 2013, en una acci\u00f3n coordinada de la Municipalidad de Santo Domingo y El Ej\u00e9rcito de Chile, el complejo vacacional que hasta ese entonces manten\u00eda su estructura en pie, fue demolido y desmantelado, dejando solo los cimientos de las construcciones. Frente a este escenario, se agudizaron las acciones de sobrevivientes del sitio y otros actores simpatizantes para conseguir la protecci\u00f3n de los cimientos restantes como monumento hist\u00f3rico. A partir de esto se conform\u00f3 la Fundaci\u00f3n por la Memoria San Antonio, organizaci\u00f3n que tras la declaratoria del inmueble como monumento hist\u00f3rico se ha encargado de su gesti\u00f3n y puesta en valor.\nEn la actualidad, el recinto se encuentra en un evidente estado de abandono, sufriendo un constante deterioro por el avance de la naturaleza y el actuar humano, sumado a las restricciones de movilidad debido a la crisis sanitaria que impiden que la fundaci\u00f3n gestora contin\u00fae con sus actividades frecuentes de limpieza y mantenci\u00f3n.<\/div>\t\t\t\t\t\t<\/div>\n\t\t\t\t<\/div>\n\t\t\t\t\t<\/div>\n\t\t<\/div>\n\t\t\t\t\t\t\t<\/div>\n\t\t<\/section>\n\t\t\t\t\t<\/div>\n\t\t<\/div>\n\t\t\t\t<div class=\"elementor-column elementor-col-50 elementor-top-column elementor-element elementor-element-4537066\" data-id=\"4537066\" data-element_type=\"column\">\n\t\t\t<div class=\"elementor-widget-wrap elementor-element-populated\">\n\t\t\t\t\t\t\t\t<div class=\"elementor-element elementor-element-8a1203d elementor-arrows-position-inside elementor-pagination-position-outside elementor-widget elementor-widget-image-carousel\" data-id=\"8a1203d\" data-element_type=\"widget\" data-settings=\"{&quot;slides_to_show&quot;:&quot;1&quot;,&quot;effect&quot;:&quot;fade&quot;,&quot;navigation&quot;:&quot;both&quot;,&quot;autoplay&quot;:&quot;yes&quot;,&quot;pause_on_hover&quot;:&quot;yes&quot;,&quot;pause_on_interaction&quot;:&quot;yes&quot;,&quot;autoplay_speed&quot;:5000,&quot;infinite&quot;:&quot;yes&quot;,&quot;speed&quot;:500}\" data-widget_type=\"image-carousel.default\">\n\t\t\t\t<div class=\"elementor-widget-container\">\n\t\t\t\t\t<div class=\"elementor-image-carousel-wrapper swiper-container\" dir=\"ltr\">\n\t\t\t<div class=\"elementor-image-carousel swiper-wrapper\">\n\t\t\t\t\t\t\t\t<div class=\"swiper-slide\"><figure class=\"swiper-slide-inner\"><img decoding=\"async\" class=\"swiper-slide-image\" src=\"https:\/\/www.numerotres.org\/nonumentos\/wp-content\/uploads\/2021\/09\/iglesia-la-veracruz-I.jpg\" alt=\"iglesia-la-veracruz-I\" \/><\/figure><\/div><div class=\"swiper-slide\"><figure class=\"swiper-slide-inner\"><img decoding=\"async\" class=\"swiper-slide-image\" src=\"https:\/\/www.numerotres.org\/nonumentos\/wp-content\/uploads\/2021\/09\/iglesia-la-veracruz-II.jpg\" alt=\"iglesia-la-veracruz-II\" \/><\/figure><\/div><div class=\"swiper-slide\"><figure class=\"swiper-slide-inner\"><img decoding=\"async\" class=\"swiper-slide-image\" src=\"https:\/\/www.numerotres.org\/nonumentos\/wp-content\/uploads\/2021\/09\/iglesia-la-veracruz-III.jpg\" alt=\"iglesia-la-veracruz-III\" \/><\/figure><\/div><div class=\"swiper-slide\"><figure class=\"swiper-slide-inner\"><img decoding=\"async\" class=\"swiper-slide-image\" src=\"https:\/\/www.numerotres.org\/nonumentos\/wp-content\/uploads\/2021\/09\/iglesia-la-veracruz-IV.jpg\" alt=\"iglesia-la-veracruz-IV\" \/><\/figure><\/div><div class=\"swiper-slide\"><figure class=\"swiper-slide-inner\"><img decoding=\"async\" class=\"swiper-slide-image\" src=\"https:\/\/www.numerotres.org\/nonumentos\/wp-content\/uploads\/2021\/09\/iglesia-la-veracruz-V.jpg\" alt=\"iglesia-la-veracruz-V\" \/><\/figure><\/div>\t\t\t<\/div>\n\t\t\t\t\t\t\t\t\t\t\t\t<div class=\"swiper-pagination\"><\/div>\n\t\t\t\t\t\t\t\t\t\t\t\t\t<div class=\"elementor-swiper-button elementor-swiper-button-prev\">\n\t\t\t\t\t\t<i class=\"eicon-chevron-left\" aria-hidden=\"true\"><\/i>\n\t\t\t\t\t\t<span class=\"elementor-screen-only\">Previous<\/span>\n\t\t\t\t\t<\/div>\n\t\t\t\t\t<div class=\"elementor-swiper-button elementor-swiper-button-next\">\n\t\t\t\t\t\t<i class=\"eicon-chevron-right\" aria-hidden=\"true\"><\/i>\n\t\t\t\t\t\t<span class=\"elementor-screen-only\">Next<\/span>\n\t\t\t\t\t<\/div>\n\t\t\t\t\t\t\t\t\t<\/div>\n\t\t\t\t<\/div>\n\t\t\t\t<\/div>\n\t\t\t\t<div class=\"elementor-element elementor-element-67d45f7 elementor-aspect-ratio-169 elementor-widget elementor-widget-video\" data-id=\"67d45f7\" data-element_type=\"widget\" data-settings=\"{&quot;youtube_url&quot;:&quot;https:\\\/\\\/youtu.be\\\/9ZCMSnjAIsc&quot;,&quot;video_type&quot;:&quot;youtube&quot;,&quot;controls&quot;:&quot;yes&quot;,&quot;aspect_ratio&quot;:&quot;169&quot;}\" data-widget_type=\"video.default\">\n\t\t\t\t<div class=\"elementor-widget-container\">\n\t\t\t\t\t<div class=\"elementor-wrapper elementor-fit-aspect-ratio elementor-open-inline\">\n\t\t\t<div class=\"elementor-video\"><\/div>\t\t<\/div>\n\t\t\t\t<\/div>\n\t\t\t\t<\/div>\n\t\t\t\t\t<\/div>\n\t\t<\/div>\n\t\t\t\t\t\t\t<\/div>\n\t\t<\/section>\n\t\t\t\t\t\t<\/div>\n\t\t\t\t\t<\/div>\n\t\t","protected":false},"excerpt":{"rendered":"<p>\/ BALNEARIO POPULAR ROCAS DE SANTO DOMINGO El Balneario Popular Rocas de Santo Domingo se compone de las ruinas de un complejo vacacional construido en el Gobierno de Salvador Allende en la orilla de la playa de Marbella, en la comuna de Santo Domingo. Desde su inauguraci\u00f3n a fines del a\u00f1o 1971 hasta la actualidad, [&hellip;]<\/p>\n","protected":false},"author":1,"featured_media":0,"parent":0,"menu_order":0,"comment_status":"closed","ping_status":"closed","template":"elementor_header_footer","meta":{"footnotes":""},"class_list":["post-733","page","type-page","status-publish","hentry"],"_links":{"self":[{"href":"https:\/\/www.numerotres.org\/nonumentos\/wp-json\/wp\/v2\/pages\/733","targetHints":{"allow":["GET"]}}],"collection":[{"href":"https:\/\/www.numerotres.org\/nonumentos\/wp-json\/wp\/v2\/pages"}],"about":[{"href":"https:\/\/www.numerotres.org\/nonumentos\/wp-json\/wp\/v2\/types\/page"}],"author":[{"embeddable":true,"href":"https:\/\/www.numerotres.org\/nonumentos\/wp-json\/wp\/v2\/users\/1"}],"replies":[{"embeddable":true,"href":"https:\/\/www.numerotres.org\/nonumentos\/wp-json\/wp\/v2\/comments?post=733"}],"version-history":[{"count":25,"href":"https:\/\/www.numerotres.org\/nonumentos\/wp-json\/wp\/v2\/pages\/733\/revisions"}],"predecessor-version":[{"id":1502,"href":"https:\/\/www.numerotres.org\/nonumentos\/wp-json\/wp\/v2\/pages\/733\/revisions\/1502"}],"wp:attachment":[{"href":"https:\/\/www.numerotres.org\/nonumentos\/wp-json\/wp\/v2\/media?parent=733"}],"curies":[{"name":"wp","href":"https:\/\/api.w.org\/{rel}","templated":true}]}}

<div data-elementor-type="wp-page" data-elementor-id="733" class="elementor elementor-733" data-elementor-settings="[]">
							<div class="elementor-section-wrap">
							<section class="elementor-section elementor-top-section elementor-element elementor-element-8352e6d elementor-section-boxed elementor-section-height-default elementor-section-height-default" data-id="8352e6d" data-element_type="section">
						<div class="elementor-container elementor-column-gap-default">
					<div class="elementor-column elementor-col-33 elementor-top-column elementor-element elementor-element-8920743" data-id="8920743" data-element_type="column">
			<div class="elementor-widget-wrap elementor-element-populated">
								<div class="elementor-element elementor-element-da0fe0b elementor-widget elementor-widget-heading" data-id="da0fe0b" data-element_type="widget" data-widget_type="heading.default">
				<div class="elementor-widget-container">
			<h1 class="elementor-heading-title elementor-size-default">/</h1>		</div>
				</div>
					</div>
		</div>
				<div class="elementor-column elementor-col-33 elementor-top-column elementor-element elementor-element-ad86366" data-id="ad86366" data-element_type="column">
			<div class="elementor-widget-wrap elementor-element-populated">
								<div class="elementor-element elementor-element-a453f83 elementor-widget elementor-widget-heading" data-id="a453f83" data-element_type="widget" data-widget_type="heading.default">
				<div class="elementor-widget-container">
			<h2 class="elementor-heading-title elementor-size-default">BALNEARIO POPULAR ROCAS DE SANTO DOMINGO</h2>		</div>
				</div>
					</div>
		</div>
				<div class="elementor-column elementor-col-33 elementor-top-column elementor-element elementor-element-b08fc83" data-id="b08fc83" data-element_type="column">
			<div class="elementor-widget-wrap">
									</div>
		</div>
							</div>
		</section>
				<section class="elementor-section elementor-top-section elementor-element elementor-element-9a3fb34 elementor-section-boxed elementor-section-height-default elementor-section-height-default" data-id="9a3fb34" data-element_type="section">
						<div class="elementor-container elementor-column-gap-default">
					<div class="elementor-column elementor-col-50 elementor-top-column elementor-element elementor-element-7825ed5" data-id="7825ed5" data-element_type="column">
			<div class="elementor-widget-wrap elementor-element-populated">
								<section class="elementor-section elementor-inner-section elementor-element elementor-element-42caf1b elementor-section-boxed elementor-section-height-default elementor-section-height-default" data-id="42caf1b" data-element_type="section">
						<div class="elementor-container elementor-column-gap-default">
					<div class="elementor-column elementor-col-100 elementor-inner-column elementor-element elementor-element-f8d062d" data-id="f8d062d" data-element_type="column">
			<div class="elementor-widget-wrap elementor-element-populated">
								<div class="elementor-element elementor-element-8240185 elementor-widget elementor-widget-text-editor" data-id="8240185" data-element_type="widget" data-widget_type="text-editor.default">
				<div class="elementor-widget-container">
							<div style="text-align: justify; overflow: scroll; height: 780px; padding-right: 9px; overflow-x: hidden;">El Balneario Popular Rocas de Santo Domingo se compone de las ruinas de un complejo vacacional construido en el Gobierno de Salvador Allende en la orilla de la playa de Marbella, en la comuna de Santo Domingo. Desde su inauguración a fines del año 1971 hasta la actualidad, ha atravesado diferentes y contradictorios procesos históricos que han concluido, paradigmáticamente, en la aprobación de su declaratoria como monumento histórico el 12 de noviembre de 2014, casi exactamente un año después de su completa demolición y desmantelamiento.
En el marco de la medida nº29 del programa inicial del Gobierno de la Unidad Popular “Educación Física y Turismo Popular”, se implementaron 16 complejos turísticos en diferentes playas a lo largo del país, con el objetivo de crear espacios de veraneo para las clases populares. Dirigido por el Ministerio de Vivienda y Urbanismo (MINVU), se desarrolló un diseño de cabañas prefabricadas que pudieran albergar grandes cantidades de veraneantes, complementadas por bodegas, canchas deportivas, jugos infantiles, cocina y comedores colectivos. En particular, el Balneario Popular Rocas de Santo Domingo alcanzó a ser utilizado en dos periodos de veraneo (1971-1972, 1972-1973).
Luego del golpe militar de 1973, a través de un plan de inteligencia presentado a la Junta Militar por Manuel Contreras, en ese entonces director del Regimiento Escuela de Ingenieros Militares de Tejas Verdes, se enviaron integrantes de las diferentes ramas de las Fuerzas Armadas a las instalaciones de este balneario para recibir instrucción y comenzar a estructurar lo que posteriormente sería el mayor organismo represivo durante los primeros años de la Dictadura Cívico-Militar, la Dirección de Inteligencia Nacional (DINA).
El Balneario Popular Rocas de Santo Domingo se mantuvo bajo la propiedad de la DINA hasta que en el año 1978, luego de su disolución, pasó a manos de la Central Nacional de Informaciones (CNI), siendo utilizada como lugar de vacaciones de su personal y en paralelo, según el relato de sobrevivientes del espacio, como centro de detención clandestino. Finalmente, no fue hasta 1990 que la propiedad pasó a manos de El Ejército de Chile, permaneciendo en estado de abandono y restringiendo su entrada al público.
En noviembre de 2013, en una acción coordinada de la Municipalidad de Santo Domingo y El Ejército de Chile, el complejo vacacional que hasta ese entonces mantenía su estructura en pie, fue demolido y desmantelado, dejando solo los cimientos de las construcciones. Frente a este escenario, se agudizaron las acciones de sobrevivientes del sitio y otros actores simpatizantes para conseguir la protección de los cimientos restantes como monumento histórico. A partir de esto se conformó la Fundación por la Memoria San Antonio, organización que tras la declaratoria del inmueble como monumento histórico se ha encargado de su gestión y puesta en valor.
En la actualidad, el recinto se encuentra en un evidente estado de abandono, sufriendo un constante deterioro por el avance de la naturaleza y el actuar humano, sumado a las restricciones de movilidad debido a la crisis sanitaria que impiden que la fundación gestora continúe con sus actividades frecuentes de limpieza y mantención.</div>						</div>
				</div>
					</div>
		</div>
							</div>
		</section>
					</div>
		</div>
				<div class="elementor-column elementor-col-50 elementor-top-column elementor-element elementor-element-4537066" data-id="4537066" data-element_type="column">
			<div class="elementor-widget-wrap elementor-element-populated">
								<div class="elementor-element elementor-element-8a1203d elementor-arrows-position-inside elementor-pagination-position-outside elementor-widget elementor-widget-image-carousel" data-id="8a1203d" data-element_type="widget" data-settings="{&quot;slides_to_show&quot;:&quot;1&quot;,&quot;effect&quot;:&quot;fade&quot;,&quot;navigation&quot;:&quot;both&quot;,&quot;autoplay&quot;:&quot;yes&quot;,&quot;pause_on_hover&quot;:&quot;yes&quot;,&quot;pause_on_interaction&quot;:&quot;yes&quot;,&quot;autoplay_speed&quot;:5000,&quot;infinite&quot;:&quot;yes&quot;,&quot;speed&quot;:500}" data-widget_type="image-carousel.default">
				<div class="elementor-widget-container">
					<div class="elementor-image-carousel-wrapper swiper-container" dir="ltr">
			<div class="elementor-image-carousel swiper-wrapper">
								<div class="swiper-slide"><figure class="swiper-slide-inner"><img decoding="async" class="swiper-slide-image" src="https://www.numerotres.org/nonumentos/wp-content/uploads/2021/09/iglesia-la-veracruz-I.jpg" alt="iglesia-la-veracruz-I" /></figure></div><div class="swiper-slide"><figure class="swiper-slide-inner"><img decoding="async" class="swiper-slide-image" src="https://www.numerotres.org/nonumentos/wp-content/uploads/2021/09/iglesia-la-veracruz-II.jpg" alt="iglesia-la-veracruz-II" /></figure></div><div class="swiper-slide"><figure class="swiper-slide-inner"><img decoding="async" class="swiper-slide-image" src="https://www.numerotres.org/nonumentos/wp-content/uploads/2021/09/iglesia-la-veracruz-III.jpg" alt="iglesia-la-veracruz-III" /></figure></div><div class="swiper-slide"><figure class="swiper-slide-inner"><img decoding="async" class="swiper-slide-image" src="https://www.numerotres.org/nonumentos/wp-content/uploads/2021/09/iglesia-la-veracruz-IV.jpg" alt="iglesia-la-veracruz-IV" /></figure></div><div class="swiper-slide"><figure class="swiper-slide-inner"><img decoding="async" class="swiper-slide-image" src="https://www.numerotres.org/nonumentos/wp-content/uploads/2021/09/iglesia-la-veracruz-V.jpg" alt="iglesia-la-veracruz-V" /></figure></div>			</div>
												<div class="swiper-pagination"></div>
													<div class="elementor-swiper-button elementor-swiper-button-prev">
						<i class="eicon-chevron-left" aria-hidden="true"></i>
						<span class="elementor-screen-only">Previous</span>
					</div>
					<div class="elementor-swiper-button elementor-swiper-button-next">
						<i class="eicon-chevron-right" aria-hidden="true"></i>
						<span class="elementor-screen-only">Next</span>
					</div>
									</div>
				</div>
				</div>
				<div class="elementor-element elementor-element-67d45f7 elementor-aspect-ratio-169 elementor-widget elementor-widget-video" data-id="67d45f7" data-element_type="widget" data-settings="{&quot;youtube_url&quot;:&quot;https:\/\/youtu.be\/9ZCMSnjAIsc&quot;,&quot;video_type&quot;:&quot;youtube&quot;,&quot;controls&quot;:&quot;yes&quot;,&quot;aspect_ratio&quot;:&quot;169&quot;}" data-widget_type="video.default">
				<div class="elementor-widget-container">
					<div class="elementor-wrapper elementor-fit-aspect-ratio elementor-open-inline">
			<div class="elementor-video"></div>		</div>
				</div>
				</div>
					</div>
		</div>
							</div>
		</section>
						</div>
					</div>

<p>/ BALNEARIO POPULAR ROCAS DE SANTO DOMINGO El Balneario Popular Rocas de Santo Domingo se compone de las ruinas de un complejo vacacional construido en el Gobierno de Salvador Allende en la orilla de la playa de Marbella, en la comuna de Santo Domingo. Desde su inauguración a fines del año 1971 hasta la actualidad, [&hellip;]</p>
