{"id":607,"date":"2021-09-12T21:43:40","date_gmt":"2021-09-13T00:43:40","guid":{"rendered":"http:\/\/www.numerotres.org\/nonumentos\/?page_id=607"},"modified":"2021-09-22T23:01:30","modified_gmt":"2021-09-23T02:01:30","slug":"iglesia-la-veracruz","status":"publish","type":"page","link":"https:\/\/www.numerotres.org\/nonumentos\/iglesia-la-veracruz\/","title":{"rendered":"Iglesia La Veracruz"},"content":{"rendered":"\t\t<div data-elementor-type=\"wp-page\" data-elementor-id=\"607\" class=\"elementor elementor-607\" data-elementor-settings=\"[]\">\n\t\t\t\t\t\t\t<div class=\"elementor-section-wrap\">\n\t\t\t\t\t\t\t<section class=\"elementor-section elementor-top-section elementor-element elementor-element-c9df346 elementor-section-boxed elementor-section-height-default elementor-section-height-default\" data-id=\"c9df346\" data-element_type=\"section\">\n\t\t\t\t\t\t<div class=\"elementor-container elementor-column-gap-default\">\n\t\t\t\t\t<div class=\"elementor-column elementor-col-33 elementor-top-column elementor-element elementor-element-39a61e8\" data-id=\"39a61e8\" data-element_type=\"column\">\n\t\t\t<div class=\"elementor-widget-wrap elementor-element-populated\">\n\t\t\t\t\t\t\t\t<div class=\"elementor-element elementor-element-5e15725 elementor-widget elementor-widget-heading\" data-id=\"5e15725\" data-element_type=\"widget\" data-widget_type=\"heading.default\">\n\t\t\t\t<div class=\"elementor-widget-container\">\n\t\t\t<h1 class=\"elementor-heading-title elementor-size-default\">\/<\/h1>\t\t<\/div>\n\t\t\t\t<\/div>\n\t\t\t\t\t<\/div>\n\t\t<\/div>\n\t\t\t\t<div class=\"elementor-column elementor-col-33 elementor-top-column elementor-element elementor-element-5d1a744\" data-id=\"5d1a744\" data-element_type=\"column\">\n\t\t\t<div class=\"elementor-widget-wrap elementor-element-populated\">\n\t\t\t\t\t\t\t\t<div class=\"elementor-element elementor-element-0c1133f elementor-widget elementor-widget-heading\" data-id=\"0c1133f\" data-element_type=\"widget\" data-widget_type=\"heading.default\">\n\t\t\t\t<div class=\"elementor-widget-container\">\n\t\t\t<h2 class=\"elementor-heading-title elementor-size-default\">IGLESIA LA VERACRUZ, BARRIO LASTARRIA.<\/h2>\t\t<\/div>\n\t\t\t\t<\/div>\n\t\t\t\t\t<\/div>\n\t\t<\/div>\n\t\t\t\t<div class=\"elementor-column elementor-col-33 elementor-top-column elementor-element elementor-element-e416665\" data-id=\"e416665\" data-element_type=\"column\">\n\t\t\t<div class=\"elementor-widget-wrap\">\n\t\t\t\t\t\t\t\t\t<\/div>\n\t\t<\/div>\n\t\t\t\t\t\t\t<\/div>\n\t\t<\/section>\n\t\t\t\t<section class=\"elementor-section elementor-top-section elementor-element elementor-element-9a3fb34 elementor-section-boxed elementor-section-height-default elementor-section-height-default\" data-id=\"9a3fb34\" data-element_type=\"section\">\n\t\t\t\t\t\t<div class=\"elementor-container elementor-column-gap-default\">\n\t\t\t\t\t<div class=\"elementor-column elementor-col-50 elementor-top-column elementor-element elementor-element-7825ed5\" data-id=\"7825ed5\" data-element_type=\"column\">\n\t\t\t<div class=\"elementor-widget-wrap elementor-element-populated\">\n\t\t\t\t\t\t\t\t<section class=\"elementor-section elementor-inner-section elementor-element elementor-element-42caf1b elementor-section-boxed elementor-section-height-default elementor-section-height-default\" data-id=\"42caf1b\" data-element_type=\"section\">\n\t\t\t\t\t\t<div class=\"elementor-container elementor-column-gap-default\">\n\t\t\t\t\t<div class=\"elementor-column elementor-col-100 elementor-inner-column elementor-element elementor-element-f8d062d\" data-id=\"f8d062d\" data-element_type=\"column\">\n\t\t\t<div class=\"elementor-widget-wrap elementor-element-populated\">\n\t\t\t\t\t\t\t\t<div class=\"elementor-element elementor-element-8240185 elementor-widget elementor-widget-text-editor\" data-id=\"8240185\" data-element_type=\"widget\" data-widget_type=\"text-editor.default\">\n\t\t\t\t<div class=\"elementor-widget-container\">\n\t\t\t\t\t\t\t<div style=\"text-align: justify; overflow: scroll; height: 730px; padding-right: 9px; overflow-x: hidden;\">\n\nLa iglesia de la Veracruz es un templo cat\u00f3lico de estilo neocl\u00e1sico ubicada en el barrio Lastarria de la ciudad de Santiago, dentro de los l\u00edmites que hoy se conocen como \u201czona cero\u201d del estallido social. El \u00e1rea inmediata del barrio re\u00fane construcciones y calles de caracter\u00edsticas arquitect\u00f3nicas patrimoniales, dentro de las que destacan el cerro Santa Luc\u00eda, declarado Monumento Hist\u00f3rico, y el Parque Forestal, declarado Zona T\u00edpica.\n\nHacia 1847, y como un modo de estrechar lazos de amistad entre Chile y Espa\u00f1a, el encargado de negocios espa\u00f1ol Salvador de Tavira propuso construir la iglesia para homenajear la imagen de Pedro de Valdivia, a prop\u00f3sito del aniversario n\u00famero 300 de su muerte y en el lugar donde se cre\u00eda que el conquistador hab\u00eda vivido. Por gestiones de la instituci\u00f3n eclesi\u00e1stica, y con financiamiento fiscal y ayuda econ\u00f3mica del gobierno espa\u00f1ol, la iglesia de la Veracruz comienza a ser construida en 1852, a cargo del arquitecto Claudio Brunet de Baines. Luego de su fallecimiento en junio de 1855 la construcci\u00f3n queda a cargo del connotado urbanista de la \u00e9poca Ferm\u00edn Vivaceta. El inmueble es inaugurado anticipadamente durante las fiestas patrias de ese mismo a\u00f1o, aunque su construcci\u00f3n finalmente concluye en 1857. El templo recibi\u00f3 su nombre como homenaje a la introducci\u00f3n de la fe cat\u00f3lica en Am\u00e9rica y porque aparentemente conservaba en su interior una reliquia de \u00abLa Veracruz\u00bb (verdadera cruz), una astilla de la estructura en que fue crucificado Cristo.\n\nEl templo y sus dos casas aleda\u00f1as, construidas para usos parroquiales, fueron declarados Monumento Hist\u00f3rico en 1983, durante la dictadura c\u00edvico-militar y bajo el decreto 166 del Consejo de Monumentos Nacionales, por su valor hist\u00f3rico y arquitect\u00f3nico. Desde 1998, est\u00e1 incluida adem\u00e1s en la Zona T\u00edpica Mulato Gil de Castro.\n\nLa iglesia de la Veracruz ha estado permanentemente presente en la vida social del Barrio Lastarria. A lo largo de su existencia ha sido un lugar de encuentro para sus feligreses y se han realizado diversas actividades religiosas como bautizos, velorios y eucarist\u00edas diaria y dominical. No obstante, tambi\u00e9n se ha convertido en un espacio en disputa, por lo que ha sido objeto de diversas acciones y ataques en el contexto del estallido social iniciado en octubre de 2019, incluyendo intentos de saqueo e incendios, adem\u00e1s de rayados e intervenciones en sus muros. El 12 de noviembre de 2019, en el marco de una jornada de manifestaciones y en un confuso incidente que a\u00fan es materia de investigaci\u00f3n, la iglesia sufre un ataque incendiario que da\u00f1\u00f3 gravemente el frontis e interior de la construcci\u00f3n, adem\u00e1s de algunas estatuas y bancas. Por estas razones, la iglesia se vio en la obligaci\u00f3n de cerrar sus puertas de forma indefinida, blindado sus puertas y ventanas con placas met\u00e1licas y prohibiendo el acceso al p\u00fablico.\n\n<\/div>\t\t\t\t\t\t<\/div>\n\t\t\t\t<\/div>\n\t\t\t\t\t<\/div>\n\t\t<\/div>\n\t\t\t\t\t\t\t<\/div>\n\t\t<\/section>\n\t\t\t\t\t<\/div>\n\t\t<\/div>\n\t\t\t\t<div class=\"elementor-column elementor-col-50 elementor-top-column elementor-element elementor-element-4537066\" data-id=\"4537066\" data-element_type=\"column\">\n\t\t\t<div class=\"elementor-widget-wrap elementor-element-populated\">\n\t\t\t\t\t\t\t\t<div class=\"elementor-element elementor-element-8a1203d elementor-arrows-position-inside elementor-pagination-position-outside elementor-widget elementor-widget-image-carousel\" data-id=\"8a1203d\" data-element_type=\"widget\" data-settings=\"{&quot;slides_to_show&quot;:&quot;1&quot;,&quot;effect&quot;:&quot;fade&quot;,&quot;navigation&quot;:&quot;both&quot;,&quot;autoplay&quot;:&quot;yes&quot;,&quot;pause_on_hover&quot;:&quot;yes&quot;,&quot;pause_on_interaction&quot;:&quot;yes&quot;,&quot;autoplay_speed&quot;:5000,&quot;infinite&quot;:&quot;yes&quot;,&quot;speed&quot;:500}\" data-widget_type=\"image-carousel.default\">\n\t\t\t\t<div class=\"elementor-widget-container\">\n\t\t\t\t\t<div class=\"elementor-image-carousel-wrapper swiper-container\" dir=\"ltr\">\n\t\t\t<div class=\"elementor-image-carousel swiper-wrapper\">\n\t\t\t\t\t\t\t\t<div class=\"swiper-slide\"><figure class=\"swiper-slide-inner\"><img decoding=\"async\" class=\"swiper-slide-image\" src=\"https:\/\/www.numerotres.org\/nonumentos\/wp-content\/uploads\/2021\/09\/iglesia-la-veracruz-I.jpg\" alt=\"iglesia-la-veracruz-I\" \/><\/figure><\/div><div class=\"swiper-slide\"><figure class=\"swiper-slide-inner\"><img decoding=\"async\" class=\"swiper-slide-image\" src=\"https:\/\/www.numerotres.org\/nonumentos\/wp-content\/uploads\/2021\/09\/iglesia-la-veracruz-II.jpg\" alt=\"iglesia-la-veracruz-II\" \/><\/figure><\/div><div class=\"swiper-slide\"><figure class=\"swiper-slide-inner\"><img decoding=\"async\" class=\"swiper-slide-image\" src=\"https:\/\/www.numerotres.org\/nonumentos\/wp-content\/uploads\/2021\/09\/iglesia-la-veracruz-III.jpg\" alt=\"iglesia-la-veracruz-III\" \/><\/figure><\/div><div class=\"swiper-slide\"><figure class=\"swiper-slide-inner\"><img decoding=\"async\" class=\"swiper-slide-image\" src=\"https:\/\/www.numerotres.org\/nonumentos\/wp-content\/uploads\/2021\/09\/iglesia-la-veracruz-IV.jpg\" alt=\"iglesia-la-veracruz-IV\" \/><\/figure><\/div><div class=\"swiper-slide\"><figure class=\"swiper-slide-inner\"><img decoding=\"async\" class=\"swiper-slide-image\" src=\"https:\/\/www.numerotres.org\/nonumentos\/wp-content\/uploads\/2021\/09\/iglesia-la-veracruz-V.jpg\" alt=\"iglesia-la-veracruz-V\" \/><\/figure><\/div>\t\t\t<\/div>\n\t\t\t\t\t\t\t\t\t\t\t\t<div class=\"swiper-pagination\"><\/div>\n\t\t\t\t\t\t\t\t\t\t\t\t\t<div class=\"elementor-swiper-button elementor-swiper-button-prev\">\n\t\t\t\t\t\t<i class=\"eicon-chevron-left\" aria-hidden=\"true\"><\/i>\n\t\t\t\t\t\t<span class=\"elementor-screen-only\">Previous<\/span>\n\t\t\t\t\t<\/div>\n\t\t\t\t\t<div class=\"elementor-swiper-button elementor-swiper-button-next\">\n\t\t\t\t\t\t<i class=\"eicon-chevron-right\" aria-hidden=\"true\"><\/i>\n\t\t\t\t\t\t<span class=\"elementor-screen-only\">Next<\/span>\n\t\t\t\t\t<\/div>\n\t\t\t\t\t\t\t\t\t<\/div>\n\t\t\t\t<\/div>\n\t\t\t\t<\/div>\n\t\t\t\t<div class=\"elementor-element elementor-element-f0c310f elementor-aspect-ratio-169 elementor-widget elementor-widget-video\" data-id=\"f0c310f\" data-element_type=\"widget\" data-settings=\"{&quot;youtube_url&quot;:&quot;https:\\\/\\\/youtu.be\\\/xQosqfWL_Ac&quot;,&quot;video_type&quot;:&quot;youtube&quot;,&quot;controls&quot;:&quot;yes&quot;,&quot;aspect_ratio&quot;:&quot;169&quot;}\" data-widget_type=\"video.default\">\n\t\t\t\t<div class=\"elementor-widget-container\">\n\t\t\t\t\t<div class=\"elementor-wrapper elementor-fit-aspect-ratio elementor-open-inline\">\n\t\t\t<div class=\"elementor-video\"><\/div>\t\t<\/div>\n\t\t\t\t<\/div>\n\t\t\t\t<\/div>\n\t\t\t\t\t<\/div>\n\t\t<\/div>\n\t\t\t\t\t\t\t<\/div>\n\t\t<\/section>\n\t\t\t\t\t\t<\/div>\n\t\t\t\t\t<\/div>\n\t\t","protected":false},"excerpt":{"rendered":"<p>\/ IGLESIA LA VERACRUZ, BARRIO LASTARRIA. La iglesia de la Veracruz es un templo cat\u00f3lico de estilo neocl\u00e1sico ubicada en el barrio Lastarria de la ciudad de Santiago, dentro de los l\u00edmites que hoy se conocen como \u201czona cero\u201d del estallido social. El \u00e1rea inmediata del barrio re\u00fane construcciones y calles de caracter\u00edsticas arquitect\u00f3nicas patrimoniales, [&hellip;]<\/p>\n","protected":false},"author":1,"featured_media":0,"parent":0,"menu_order":0,"comment_status":"closed","ping_status":"closed","template":"elementor_header_footer","meta":{"footnotes":""},"class_list":["post-607","page","type-page","status-publish","hentry"],"_links":{"self":[{"href":"https:\/\/www.numerotres.org\/nonumentos\/wp-json\/wp\/v2\/pages\/607","targetHints":{"allow":["GET"]}}],"collection":[{"href":"https:\/\/www.numerotres.org\/nonumentos\/wp-json\/wp\/v2\/pages"}],"about":[{"href":"https:\/\/www.numerotres.org\/nonumentos\/wp-json\/wp\/v2\/types\/page"}],"author":[{"embeddable":true,"href":"https:\/\/www.numerotres.org\/nonumentos\/wp-json\/wp\/v2\/users\/1"}],"replies":[{"embeddable":true,"href":"https:\/\/www.numerotres.org\/nonumentos\/wp-json\/wp\/v2\/comments?post=607"}],"version-history":[{"count":28,"href":"https:\/\/www.numerotres.org\/nonumentos\/wp-json\/wp\/v2\/pages\/607\/revisions"}],"predecessor-version":[{"id":1527,"href":"https:\/\/www.numerotres.org\/nonumentos\/wp-json\/wp\/v2\/pages\/607\/revisions\/1527"}],"wp:attachment":[{"href":"https:\/\/www.numerotres.org\/nonumentos\/wp-json\/wp\/v2\/media?parent=607"}],"curies":[{"name":"wp","href":"https:\/\/api.w.org\/{rel}","templated":true}]}}

<div data-elementor-type="wp-page" data-elementor-id="607" class="elementor elementor-607" data-elementor-settings="[]">
							<div class="elementor-section-wrap">
							<section class="elementor-section elementor-top-section elementor-element elementor-element-c9df346 elementor-section-boxed elementor-section-height-default elementor-section-height-default" data-id="c9df346" data-element_type="section">
						<div class="elementor-container elementor-column-gap-default">
					<div class="elementor-column elementor-col-33 elementor-top-column elementor-element elementor-element-39a61e8" data-id="39a61e8" data-element_type="column">
			<div class="elementor-widget-wrap elementor-element-populated">
								<div class="elementor-element elementor-element-5e15725 elementor-widget elementor-widget-heading" data-id="5e15725" data-element_type="widget" data-widget_type="heading.default">
				<div class="elementor-widget-container">
			<h1 class="elementor-heading-title elementor-size-default">/</h1>		</div>
				</div>
					</div>
		</div>
				<div class="elementor-column elementor-col-33 elementor-top-column elementor-element elementor-element-5d1a744" data-id="5d1a744" data-element_type="column">
			<div class="elementor-widget-wrap elementor-element-populated">
								<div class="elementor-element elementor-element-0c1133f elementor-widget elementor-widget-heading" data-id="0c1133f" data-element_type="widget" data-widget_type="heading.default">
				<div class="elementor-widget-container">
			<h2 class="elementor-heading-title elementor-size-default">IGLESIA LA VERACRUZ, BARRIO LASTARRIA.</h2>		</div>
				</div>
					</div>
		</div>
				<div class="elementor-column elementor-col-33 elementor-top-column elementor-element elementor-element-e416665" data-id="e416665" data-element_type="column">
			<div class="elementor-widget-wrap">
									</div>
		</div>
							</div>
		</section>
				<section class="elementor-section elementor-top-section elementor-element elementor-element-9a3fb34 elementor-section-boxed elementor-section-height-default elementor-section-height-default" data-id="9a3fb34" data-element_type="section">
						<div class="elementor-container elementor-column-gap-default">
					<div class="elementor-column elementor-col-50 elementor-top-column elementor-element elementor-element-7825ed5" data-id="7825ed5" data-element_type="column">
			<div class="elementor-widget-wrap elementor-element-populated">
								<section class="elementor-section elementor-inner-section elementor-element elementor-element-42caf1b elementor-section-boxed elementor-section-height-default elementor-section-height-default" data-id="42caf1b" data-element_type="section">
						<div class="elementor-container elementor-column-gap-default">
					<div class="elementor-column elementor-col-100 elementor-inner-column elementor-element elementor-element-f8d062d" data-id="f8d062d" data-element_type="column">
			<div class="elementor-widget-wrap elementor-element-populated">
								<div class="elementor-element elementor-element-8240185 elementor-widget elementor-widget-text-editor" data-id="8240185" data-element_type="widget" data-widget_type="text-editor.default">
				<div class="elementor-widget-container">
							<div style="text-align: justify; overflow: scroll; height: 730px; padding-right: 9px; overflow-x: hidden;">

La iglesia de la Veracruz es un templo católico de estilo neoclásico ubicada en el barrio Lastarria de la ciudad de Santiago, dentro de los límites que hoy se conocen como “zona cero” del estallido social. El área inmediata del barrio reúne construcciones y calles de características arquitectónicas patrimoniales, dentro de las que destacan el cerro Santa Lucía, declarado Monumento Histórico, y el Parque Forestal, declarado Zona Típica.

Hacia 1847, y como un modo de estrechar lazos de amistad entre Chile y España, el encargado de negocios español Salvador de Tavira propuso construir la iglesia para homenajear la imagen de Pedro de Valdivia, a propósito del aniversario número 300 de su muerte y en el lugar donde se creía que el conquistador había vivido. Por gestiones de la institución eclesiástica, y con financiamiento fiscal y ayuda económica del gobierno español, la iglesia de la Veracruz comienza a ser construida en 1852, a cargo del arquitecto Claudio Brunet de Baines. Luego de su fallecimiento en junio de 1855 la construcción queda a cargo del connotado urbanista de la época Fermín Vivaceta. El inmueble es inaugurado anticipadamente durante las fiestas patrias de ese mismo año, aunque su construcción finalmente concluye en 1857. El templo recibió su nombre como homenaje a la introducción de la fe católica en América y porque aparentemente conservaba en su interior una reliquia de «La Veracruz» (verdadera cruz), una astilla de la estructura en que fue crucificado Cristo.

El templo y sus dos casas aledañas, construidas para usos parroquiales, fueron declarados Monumento Histórico en 1983, durante la dictadura cívico-militar y bajo el decreto 166 del Consejo de Monumentos Nacionales, por su valor histórico y arquitectónico. Desde 1998, está incluida además en la Zona Típica Mulato Gil de Castro.

La iglesia de la Veracruz ha estado permanentemente presente en la vida social del Barrio Lastarria. A lo largo de su existencia ha sido un lugar de encuentro para sus feligreses y se han realizado diversas actividades religiosas como bautizos, velorios y eucaristías diaria y dominical. No obstante, también se ha convertido en un espacio en disputa, por lo que ha sido objeto de diversas acciones y ataques en el contexto del estallido social iniciado en octubre de 2019, incluyendo intentos de saqueo e incendios, además de rayados e intervenciones en sus muros. El 12 de noviembre de 2019, en el marco de una jornada de manifestaciones y en un confuso incidente que aún es materia de investigación, la iglesia sufre un ataque incendiario que dañó gravemente el frontis e interior de la construcción, además de algunas estatuas y bancas. Por estas razones, la iglesia se vio en la obligación de cerrar sus puertas de forma indefinida, blindado sus puertas y ventanas con placas metálicas y prohibiendo el acceso al público.

</div>						</div>
				</div>
					</div>
		</div>
							</div>
		</section>
					</div>
		</div>
				<div class="elementor-column elementor-col-50 elementor-top-column elementor-element elementor-element-4537066" data-id="4537066" data-element_type="column">
			<div class="elementor-widget-wrap elementor-element-populated">
								<div class="elementor-element elementor-element-8a1203d elementor-arrows-position-inside elementor-pagination-position-outside elementor-widget elementor-widget-image-carousel" data-id="8a1203d" data-element_type="widget" data-settings="{&quot;slides_to_show&quot;:&quot;1&quot;,&quot;effect&quot;:&quot;fade&quot;,&quot;navigation&quot;:&quot;both&quot;,&quot;autoplay&quot;:&quot;yes&quot;,&quot;pause_on_hover&quot;:&quot;yes&quot;,&quot;pause_on_interaction&quot;:&quot;yes&quot;,&quot;autoplay_speed&quot;:5000,&quot;infinite&quot;:&quot;yes&quot;,&quot;speed&quot;:500}" data-widget_type="image-carousel.default">
				<div class="elementor-widget-container">
					<div class="elementor-image-carousel-wrapper swiper-container" dir="ltr">
			<div class="elementor-image-carousel swiper-wrapper">
								<div class="swiper-slide"><figure class="swiper-slide-inner"><img decoding="async" class="swiper-slide-image" src="https://www.numerotres.org/nonumentos/wp-content/uploads/2021/09/iglesia-la-veracruz-I.jpg" alt="iglesia-la-veracruz-I" /></figure></div><div class="swiper-slide"><figure class="swiper-slide-inner"><img decoding="async" class="swiper-slide-image" src="https://www.numerotres.org/nonumentos/wp-content/uploads/2021/09/iglesia-la-veracruz-II.jpg" alt="iglesia-la-veracruz-II" /></figure></div><div class="swiper-slide"><figure class="swiper-slide-inner"><img decoding="async" class="swiper-slide-image" src="https://www.numerotres.org/nonumentos/wp-content/uploads/2021/09/iglesia-la-veracruz-III.jpg" alt="iglesia-la-veracruz-III" /></figure></div><div class="swiper-slide"><figure class="swiper-slide-inner"><img decoding="async" class="swiper-slide-image" src="https://www.numerotres.org/nonumentos/wp-content/uploads/2021/09/iglesia-la-veracruz-IV.jpg" alt="iglesia-la-veracruz-IV" /></figure></div><div class="swiper-slide"><figure class="swiper-slide-inner"><img decoding="async" class="swiper-slide-image" src="https://www.numerotres.org/nonumentos/wp-content/uploads/2021/09/iglesia-la-veracruz-V.jpg" alt="iglesia-la-veracruz-V" /></figure></div>			</div>
												<div class="swiper-pagination"></div>
													<div class="elementor-swiper-button elementor-swiper-button-prev">
						<i class="eicon-chevron-left" aria-hidden="true"></i>
						<span class="elementor-screen-only">Previous</span>
					</div>
					<div class="elementor-swiper-button elementor-swiper-button-next">
						<i class="eicon-chevron-right" aria-hidden="true"></i>
						<span class="elementor-screen-only">Next</span>
					</div>
									</div>
				</div>
				</div>
				<div class="elementor-element elementor-element-f0c310f elementor-aspect-ratio-169 elementor-widget elementor-widget-video" data-id="f0c310f" data-element_type="widget" data-settings="{&quot;youtube_url&quot;:&quot;https:\/\/youtu.be\/xQosqfWL_Ac&quot;,&quot;video_type&quot;:&quot;youtube&quot;,&quot;controls&quot;:&quot;yes&quot;,&quot;aspect_ratio&quot;:&quot;169&quot;}" data-widget_type="video.default">
				<div class="elementor-widget-container">
					<div class="elementor-wrapper elementor-fit-aspect-ratio elementor-open-inline">
			<div class="elementor-video"></div>		</div>
				</div>
				</div>
					</div>
		</div>
							</div>
		</section>
						</div>
					</div>

<p>/ IGLESIA LA VERACRUZ, BARRIO LASTARRIA. La iglesia de la Veracruz es un templo católico de estilo neoclásico ubicada en el barrio Lastarria de la ciudad de Santiago, dentro de los límites que hoy se conocen como “zona cero” del estallido social. El área inmediata del barrio reúne construcciones y calles de características arquitectónicas patrimoniales, [&hellip;]</p>
