{"id":144,"date":"2021-09-05T22:02:27","date_gmt":"2021-09-06T01:02:27","guid":{"rendered":"http:\/\/www.numerotres.org\/nonumentos\/?page_id=144"},"modified":"2021-09-22T23:06:46","modified_gmt":"2021-09-23T02:06:46","slug":"villa-san-luis-de-las-condes-2","status":"publish","type":"page","link":"https:\/\/www.numerotres.org\/nonumentos\/villa-san-luis-de-las-condes-2\/","title":{"rendered":"Villa San Luis de Las Condes"},"content":{"rendered":"\t\t<div data-elementor-type=\"wp-page\" data-elementor-id=\"144\" class=\"elementor elementor-144\" data-elementor-settings=\"[]\">\n\t\t\t\t\t\t\t<div class=\"elementor-section-wrap\">\n\t\t\t\t\t\t\t<section class=\"elementor-section elementor-top-section elementor-element elementor-element-c9df346 elementor-section-boxed elementor-section-height-default elementor-section-height-default\" data-id=\"c9df346\" data-element_type=\"section\">\n\t\t\t\t\t\t<div class=\"elementor-container elementor-column-gap-default\">\n\t\t\t\t\t<div class=\"elementor-column elementor-col-33 elementor-top-column elementor-element elementor-element-39a61e8\" data-id=\"39a61e8\" data-element_type=\"column\">\n\t\t\t<div class=\"elementor-widget-wrap elementor-element-populated\">\n\t\t\t\t\t\t\t\t<div class=\"elementor-element elementor-element-7b0f2b1 elementor-widget elementor-widget-heading\" data-id=\"7b0f2b1\" data-element_type=\"widget\" data-widget_type=\"heading.default\">\n\t\t\t\t<div class=\"elementor-widget-container\">\n\t\t\t<h1 class=\"elementor-heading-title elementor-size-default\">\/<\/h1>\t\t<\/div>\n\t\t\t\t<\/div>\n\t\t\t\t\t<\/div>\n\t\t<\/div>\n\t\t\t\t<div class=\"elementor-column elementor-col-33 elementor-top-column elementor-element elementor-element-5d1a744\" data-id=\"5d1a744\" data-element_type=\"column\">\n\t\t\t<div class=\"elementor-widget-wrap elementor-element-populated\">\n\t\t\t\t\t\t\t\t<div class=\"elementor-element elementor-element-ce95b96 elementor-widget elementor-widget-heading\" data-id=\"ce95b96\" data-element_type=\"widget\" data-widget_type=\"heading.default\">\n\t\t\t\t<div class=\"elementor-widget-container\">\n\t\t\t<h2 class=\"elementor-heading-title elementor-size-default\">VILLA SAN LUIS DE LAS CONDES<\/h2>\t\t<\/div>\n\t\t\t\t<\/div>\n\t\t\t\t\t<\/div>\n\t\t<\/div>\n\t\t\t\t<div class=\"elementor-column elementor-col-33 elementor-top-column elementor-element elementor-element-e416665\" data-id=\"e416665\" data-element_type=\"column\">\n\t\t\t<div class=\"elementor-widget-wrap\">\n\t\t\t\t\t\t\t\t\t<\/div>\n\t\t<\/div>\n\t\t\t\t\t\t\t<\/div>\n\t\t<\/section>\n\t\t\t\t<section class=\"elementor-section elementor-top-section elementor-element elementor-element-9a3fb34 elementor-section-boxed elementor-section-height-default elementor-section-height-default\" data-id=\"9a3fb34\" data-element_type=\"section\">\n\t\t\t\t\t\t<div class=\"elementor-container elementor-column-gap-default\">\n\t\t\t\t\t<div class=\"elementor-column elementor-col-50 elementor-top-column elementor-element elementor-element-7825ed5\" data-id=\"7825ed5\" data-element_type=\"column\">\n\t\t\t<div class=\"elementor-widget-wrap elementor-element-populated\">\n\t\t\t\t\t\t\t\t<section class=\"elementor-section elementor-inner-section elementor-element elementor-element-42caf1b elementor-section-boxed elementor-section-height-default elementor-section-height-default\" data-id=\"42caf1b\" data-element_type=\"section\">\n\t\t\t\t\t\t<div class=\"elementor-container elementor-column-gap-default\">\n\t\t\t\t\t<div class=\"elementor-column elementor-col-100 elementor-inner-column elementor-element elementor-element-f8d062d\" data-id=\"f8d062d\" data-element_type=\"column\">\n\t\t\t<div class=\"elementor-widget-wrap elementor-element-populated\">\n\t\t\t\t\t\t\t\t<div class=\"elementor-element elementor-element-8240185 elementor-widget elementor-widget-text-editor\" data-id=\"8240185\" data-element_type=\"widget\" data-widget_type=\"text-editor.default\">\n\t\t\t\t<div class=\"elementor-widget-container\">\n\t\t\t\t\t\t\t<div style=\"text-align: justify; overflow: scroll; height: 500px; padding-right: 9px;overflow-x:hidden;\">La ex Villa San Luis de Las Condes, emplazada en la actual calle Presidente Riesco en\nla comuna de Las Condes, fue un emblem\u00e1tico proyecto de integraci\u00f3n social urbana\ndise\u00f1ado a fines de los a\u00f1os 60, cuya privilegiada ubicaci\u00f3n y su valor simb\u00f3lico y pol\u00edtico\nhan sido objeto de disputa durante gran parte de su historia.\nTras la expropiaci\u00f3n de cerca de 50 hect\u00e1reas que fueron inscritas a favor del fisco en\n1968, la Corporaci\u00f3n de Mejoramiento Urbano (CORMU) encomend\u00f3 un proyecto\nurban\u00edstico a los arquitectos Miguel Eyquem y Arturo Baeza, quienes desarrollaron\nel proyecto Remodelaci\u00f3n Parque San Luis. El proyecto buscaba generar un n\u00facleo\nurbano, pol\u00edtico, administrativo y ceremonial arm\u00f3nico para cerca de 60.000 habitantes\nde los estratos socioecon\u00f3micos medio y medio-alto. Por este dise\u00f1o Miguel Eyquem\nfue galardonado con el Premio Nacional de Urbanismo en 1971.\nCuando asumi\u00f3 el gobierno de Salvador Allende el proyecto fue reorientado para\nincorporar y dar soluci\u00f3n habitacional a las familias que resid\u00edan en las poblaciones El\nEsfuerzo y El Ejemplo, que llevaban a\u00f1os al borde del r\u00edo Mapocho en la comuna de\nVitacura. El nuevo conjunto Villa San Luis, promovido y gestionado por el ministro de\nvivienda Carlos Cort\u00e9s D\u00edaz \u2013quien no alcanz\u00f3 a ver finalizada la obra debido a su abrupta\nmuerte en 1971-, inclu\u00eda la construcci\u00f3n de viviendas sociales, viviendas para personas\nde clase media, \u00e1reas verdes y un barrio administrativo y c\u00edvico. Es as\u00ed como se convierte\nen un proyecto emblem\u00e1tico desde el punto de vista pol\u00edtico y social por romper con la\nsegregaci\u00f3n socioecon\u00f3mica de la ciudad, integrando a la poblaci\u00f3n de diversos niveles\nsocioecon\u00f3micos en un mismo espacio urbano. El proyecto comenz\u00f3 a licitarse en 1971\ny fue inaugurado en 1972, cuando se entregaron los primeros 250 departamentos.\nSucesivamente fueron entreg\u00e1ndose departamentos hasta 1973, alcanzando a ser\nbeneficiadas 1.038 familias. Tras el fallecimiento del ministro de vivienda, los comit\u00e9s de\nvivienda decidieron renombrar el lugar como Villa Compa\u00f1ero Ministro Carlos Cort\u00e9s.\nCon la irrupci\u00f3n de la dictadura c\u00edvico-militar en septiembre de 1973 el proyecto\nde integraci\u00f3n social de la Villa Compa\u00f1ero Ministro Carlos Cort\u00e9s fue suprimido.\nComo primera acci\u00f3n contra el proyecto se renombr\u00f3 el conjunto como Villa San Luis.\nAdem\u00e1s, al momento del golpe de Estado los t\u00edtulos de dominio de los departamentos\nse encontraban en tramitaci\u00f3n, pues la Municipalidad de Las Condes a\u00fan no efectuaba\nla recepci\u00f3n final de las obras. Con esa excusa, a pesar de que sus residentes eran\npropietarios leg\u00edtimos, comenz\u00f3 una ola de brutales desalojos a los y las habitantes de la\nvilla, siendo sus viviendas cedidas a personal del Ej\u00e9rcito.<\/div>\t\t\t\t\t\t<\/div>\n\t\t\t\t<\/div>\n\t\t\t\t\t<\/div>\n\t\t<\/div>\n\t\t\t\t\t\t\t<\/div>\n\t\t<\/section>\n\t\t\t\t\t<\/div>\n\t\t<\/div>\n\t\t\t\t<div class=\"elementor-column elementor-col-50 elementor-top-column elementor-element elementor-element-4537066\" data-id=\"4537066\" data-element_type=\"column\">\n\t\t\t<div class=\"elementor-widget-wrap elementor-element-populated\">\n\t\t\t\t\t\t\t\t<div class=\"elementor-element elementor-element-8a1203d elementor-arrows-position-inside elementor-pagination-position-outside elementor-widget elementor-widget-image-carousel\" data-id=\"8a1203d\" data-element_type=\"widget\" data-settings=\"{&quot;slides_to_show&quot;:&quot;1&quot;,&quot;navigation&quot;:&quot;both&quot;,&quot;autoplay&quot;:&quot;yes&quot;,&quot;pause_on_hover&quot;:&quot;yes&quot;,&quot;pause_on_interaction&quot;:&quot;yes&quot;,&quot;autoplay_speed&quot;:5000,&quot;infinite&quot;:&quot;yes&quot;,&quot;effect&quot;:&quot;slide&quot;,&quot;speed&quot;:500}\" data-widget_type=\"image-carousel.default\">\n\t\t\t\t<div class=\"elementor-widget-container\">\n\t\t\t\t\t<div class=\"elementor-image-carousel-wrapper swiper-container\" dir=\"ltr\">\n\t\t\t<div class=\"elementor-image-carousel swiper-wrapper\">\n\t\t\t\t\t\t\t\t<div class=\"swiper-slide\"><figure class=\"swiper-slide-inner\"><img decoding=\"async\" class=\"swiper-slide-image\" src=\"https:\/\/www.numerotres.org\/nonumentos\/wp-content\/uploads\/2021\/09\/Villa-San-Luis-de-Las-Condes-II.jpg\" alt=\"Villa-San-Luis-de-Las-Condes-II\" \/><\/figure><\/div>\t\t\t<\/div>\n\t\t\t\t\t<\/div>\n\t\t\t\t<\/div>\n\t\t\t\t<\/div>\n\t\t\t\t<div class=\"elementor-element elementor-element-fae9c8f elementor-aspect-ratio-169 elementor-widget elementor-widget-video\" data-id=\"fae9c8f\" data-element_type=\"widget\" data-settings=\"{&quot;youtube_url&quot;:&quot;https:\\\/\\\/youtu.be\\\/KFPtGjdRd4c&quot;,&quot;video_type&quot;:&quot;youtube&quot;,&quot;controls&quot;:&quot;yes&quot;,&quot;aspect_ratio&quot;:&quot;169&quot;}\" data-widget_type=\"video.default\">\n\t\t\t\t<div class=\"elementor-widget-container\">\n\t\t\t\t\t<div class=\"elementor-wrapper elementor-fit-aspect-ratio elementor-open-inline\">\n\t\t\t<div class=\"elementor-video\"><\/div>\t\t<\/div>\n\t\t\t\t<\/div>\n\t\t\t\t<\/div>\n\t\t\t\t\t<\/div>\n\t\t<\/div>\n\t\t\t\t\t\t\t<\/div>\n\t\t<\/section>\n\t\t\t\t<section class=\"elementor-section elementor-top-section elementor-element elementor-element-5f75768 elementor-section-boxed elementor-section-height-default elementor-section-height-default\" data-id=\"5f75768\" data-element_type=\"section\">\n\t\t\t\t\t\t<div class=\"elementor-container elementor-column-gap-default\">\n\t\t\t\t\t<div class=\"elementor-column elementor-col-33 elementor-top-column elementor-element elementor-element-a371f3f\" data-id=\"a371f3f\" data-element_type=\"column\">\n\t\t\t<div class=\"elementor-widget-wrap\">\n\t\t\t\t\t\t\t\t\t<\/div>\n\t\t<\/div>\n\t\t\t\t<div class=\"elementor-column elementor-col-33 elementor-top-column elementor-element elementor-element-8201d55\" data-id=\"8201d55\" data-element_type=\"column\">\n\t\t\t<div class=\"elementor-widget-wrap\">\n\t\t\t\t\t\t\t\t\t<\/div>\n\t\t<\/div>\n\t\t\t\t<div class=\"elementor-column elementor-col-33 elementor-top-column elementor-element elementor-element-db1625c\" data-id=\"db1625c\" data-element_type=\"column\">\n\t\t\t<div class=\"elementor-widget-wrap\">\n\t\t\t\t\t\t\t\t\t<\/div>\n\t\t<\/div>\n\t\t\t\t\t\t\t<\/div>\n\t\t<\/section>\n\t\t\t\t<section class=\"elementor-section elementor-top-section elementor-element elementor-element-e5c1917 elementor-section-boxed elementor-section-height-default elementor-section-height-default\" data-id=\"e5c1917\" data-element_type=\"section\">\n\t\t\t\t\t\t<div class=\"elementor-container elementor-column-gap-default\">\n\t\t\t\t\t<div class=\"elementor-column elementor-col-100 elementor-top-column elementor-element elementor-element-e7f8425\" data-id=\"e7f8425\" data-element_type=\"column\">\n\t\t\t<div class=\"elementor-widget-wrap\">\n\t\t\t\t\t\t\t\t\t<\/div>\n\t\t<\/div>\n\t\t\t\t\t\t\t<\/div>\n\t\t<\/section>\n\t\t\t\t<section class=\"elementor-section elementor-top-section elementor-element elementor-element-2ba7936 elementor-section-boxed elementor-section-height-default elementor-section-height-default\" data-id=\"2ba7936\" data-element_type=\"section\">\n\t\t\t\t\t\t<div class=\"elementor-container elementor-column-gap-default\">\n\t\t\t\t\t<div class=\"elementor-column elementor-col-33 elementor-top-column elementor-element elementor-element-f4a10df\" data-id=\"f4a10df\" data-element_type=\"column\">\n\t\t\t<div class=\"elementor-widget-wrap\">\n\t\t\t\t\t\t\t\t\t<\/div>\n\t\t<\/div>\n\t\t\t\t<div class=\"elementor-column elementor-col-33 elementor-top-column elementor-element elementor-element-f8c46af\" data-id=\"f8c46af\" data-element_type=\"column\">\n\t\t\t<div class=\"elementor-widget-wrap\">\n\t\t\t\t\t\t\t\t\t<\/div>\n\t\t<\/div>\n\t\t\t\t<div class=\"elementor-column elementor-col-33 elementor-top-column elementor-element elementor-element-0353084\" data-id=\"0353084\" data-element_type=\"column\">\n\t\t\t<div class=\"elementor-widget-wrap\">\n\t\t\t\t\t\t\t\t\t<\/div>\n\t\t<\/div>\n\t\t\t\t\t\t\t<\/div>\n\t\t<\/section>\n\t\t\t\t\t\t<\/div>\n\t\t\t\t\t<\/div>\n\t\t","protected":false},"excerpt":{"rendered":"<p>\/ VILLA SAN LUIS DE LAS CONDES La ex Villa San Luis de Las Condes, emplazada en la actual calle Presidente Riesco en la comuna de Las Condes, fue un emblem\u00e1tico proyecto de integraci\u00f3n social urbana dise\u00f1ado a fines de los a\u00f1os 60, cuya privilegiada ubicaci\u00f3n y su valor simb\u00f3lico y pol\u00edtico han sido objeto [&hellip;]<\/p>\n","protected":false},"author":1,"featured_media":0,"parent":0,"menu_order":0,"comment_status":"closed","ping_status":"closed","template":"elementor_header_footer","meta":{"footnotes":""},"class_list":["post-144","page","type-page","status-publish","hentry"],"_links":{"self":[{"href":"https:\/\/www.numerotres.org\/nonumentos\/wp-json\/wp\/v2\/pages\/144","targetHints":{"allow":["GET"]}}],"collection":[{"href":"https:\/\/www.numerotres.org\/nonumentos\/wp-json\/wp\/v2\/pages"}],"about":[{"href":"https:\/\/www.numerotres.org\/nonumentos\/wp-json\/wp\/v2\/types\/page"}],"author":[{"embeddable":true,"href":"https:\/\/www.numerotres.org\/nonumentos\/wp-json\/wp\/v2\/users\/1"}],"replies":[{"embeddable":true,"href":"https:\/\/www.numerotres.org\/nonumentos\/wp-json\/wp\/v2\/comments?post=144"}],"version-history":[{"count":50,"href":"https:\/\/www.numerotres.org\/nonumentos\/wp-json\/wp\/v2\/pages\/144\/revisions"}],"predecessor-version":[{"id":1530,"href":"https:\/\/www.numerotres.org\/nonumentos\/wp-json\/wp\/v2\/pages\/144\/revisions\/1530"}],"wp:attachment":[{"href":"https:\/\/www.numerotres.org\/nonumentos\/wp-json\/wp\/v2\/media?parent=144"}],"curies":[{"name":"wp","href":"https:\/\/api.w.org\/{rel}","templated":true}]}}

<div data-elementor-type="wp-page" data-elementor-id="144" class="elementor elementor-144" data-elementor-settings="[]">
							<div class="elementor-section-wrap">
							<section class="elementor-section elementor-top-section elementor-element elementor-element-c9df346 elementor-section-boxed elementor-section-height-default elementor-section-height-default" data-id="c9df346" data-element_type="section">
						<div class="elementor-container elementor-column-gap-default">
					<div class="elementor-column elementor-col-33 elementor-top-column elementor-element elementor-element-39a61e8" data-id="39a61e8" data-element_type="column">
			<div class="elementor-widget-wrap elementor-element-populated">
								<div class="elementor-element elementor-element-7b0f2b1 elementor-widget elementor-widget-heading" data-id="7b0f2b1" data-element_type="widget" data-widget_type="heading.default">
				<div class="elementor-widget-container">
			<h1 class="elementor-heading-title elementor-size-default">/</h1>		</div>
				</div>
					</div>
		</div>
				<div class="elementor-column elementor-col-33 elementor-top-column elementor-element elementor-element-5d1a744" data-id="5d1a744" data-element_type="column">
			<div class="elementor-widget-wrap elementor-element-populated">
								<div class="elementor-element elementor-element-ce95b96 elementor-widget elementor-widget-heading" data-id="ce95b96" data-element_type="widget" data-widget_type="heading.default">
				<div class="elementor-widget-container">
			<h2 class="elementor-heading-title elementor-size-default">VILLA SAN LUIS DE LAS CONDES</h2>		</div>
				</div>
					</div>
		</div>
				<div class="elementor-column elementor-col-33 elementor-top-column elementor-element elementor-element-e416665" data-id="e416665" data-element_type="column">
			<div class="elementor-widget-wrap">
									</div>
		</div>
							</div>
		</section>
				<section class="elementor-section elementor-top-section elementor-element elementor-element-9a3fb34 elementor-section-boxed elementor-section-height-default elementor-section-height-default" data-id="9a3fb34" data-element_type="section">
						<div class="elementor-container elementor-column-gap-default">
					<div class="elementor-column elementor-col-50 elementor-top-column elementor-element elementor-element-7825ed5" data-id="7825ed5" data-element_type="column">
			<div class="elementor-widget-wrap elementor-element-populated">
								<section class="elementor-section elementor-inner-section elementor-element elementor-element-42caf1b elementor-section-boxed elementor-section-height-default elementor-section-height-default" data-id="42caf1b" data-element_type="section">
						<div class="elementor-container elementor-column-gap-default">
					<div class="elementor-column elementor-col-100 elementor-inner-column elementor-element elementor-element-f8d062d" data-id="f8d062d" data-element_type="column">
			<div class="elementor-widget-wrap elementor-element-populated">
								<div class="elementor-element elementor-element-8240185 elementor-widget elementor-widget-text-editor" data-id="8240185" data-element_type="widget" data-widget_type="text-editor.default">
				<div class="elementor-widget-container">
							<div style="text-align: justify; overflow: scroll; height: 500px; padding-right: 9px;overflow-x:hidden;">La ex Villa San Luis de Las Condes, emplazada en la actual calle Presidente Riesco en
la comuna de Las Condes, fue un emblemático proyecto de integración social urbana
diseñado a fines de los años 60, cuya privilegiada ubicación y su valor simbólico y político
han sido objeto de disputa durante gran parte de su historia.
Tras la expropiación de cerca de 50 hectáreas que fueron inscritas a favor del fisco en
1968, la Corporación de Mejoramiento Urbano (CORMU) encomendó un proyecto
urbanístico a los arquitectos Miguel Eyquem y Arturo Baeza, quienes desarrollaron
el proyecto Remodelación Parque San Luis. El proyecto buscaba generar un núcleo
urbano, político, administrativo y ceremonial armónico para cerca de 60.000 habitantes
de los estratos socioeconómicos medio y medio-alto. Por este diseño Miguel Eyquem
fue galardonado con el Premio Nacional de Urbanismo en 1971.
Cuando asumió el gobierno de Salvador Allende el proyecto fue reorientado para
incorporar y dar solución habitacional a las familias que residían en las poblaciones El
Esfuerzo y El Ejemplo, que llevaban años al borde del río Mapocho en la comuna de
Vitacura. El nuevo conjunto Villa San Luis, promovido y gestionado por el ministro de
vivienda Carlos Cortés Díaz –quien no alcanzó a ver finalizada la obra debido a su abrupta
muerte en 1971-, incluía la construcción de viviendas sociales, viviendas para personas
de clase media, áreas verdes y un barrio administrativo y cívico. Es así como se convierte
en un proyecto emblemático desde el punto de vista político y social por romper con la
segregación socioeconómica de la ciudad, integrando a la población de diversos niveles
socioeconómicos en un mismo espacio urbano. El proyecto comenzó a licitarse en 1971
y fue inaugurado en 1972, cuando se entregaron los primeros 250 departamentos.
Sucesivamente fueron entregándose departamentos hasta 1973, alcanzando a ser
beneficiadas 1.038 familias. Tras el fallecimiento del ministro de vivienda, los comités de
vivienda decidieron renombrar el lugar como Villa Compañero Ministro Carlos Cortés.
Con la irrupción de la dictadura cívico-militar en septiembre de 1973 el proyecto
de integración social de la Villa Compañero Ministro Carlos Cortés fue suprimido.
Como primera acción contra el proyecto se renombró el conjunto como Villa San Luis.
Además, al momento del golpe de Estado los títulos de dominio de los departamentos
se encontraban en tramitación, pues la Municipalidad de Las Condes aún no efectuaba
la recepción final de las obras. Con esa excusa, a pesar de que sus residentes eran
propietarios legítimos, comenzó una ola de brutales desalojos a los y las habitantes de la
villa, siendo sus viviendas cedidas a personal del Ejército.</div>						</div>
				</div>
					</div>
		</div>
							</div>
		</section>
					</div>
		</div>
				<div class="elementor-column elementor-col-50 elementor-top-column elementor-element elementor-element-4537066" data-id="4537066" data-element_type="column">
			<div class="elementor-widget-wrap elementor-element-populated">
								<div class="elementor-element elementor-element-8a1203d elementor-arrows-position-inside elementor-pagination-position-outside elementor-widget elementor-widget-image-carousel" data-id="8a1203d" data-element_type="widget" data-settings="{&quot;slides_to_show&quot;:&quot;1&quot;,&quot;navigation&quot;:&quot;both&quot;,&quot;autoplay&quot;:&quot;yes&quot;,&quot;pause_on_hover&quot;:&quot;yes&quot;,&quot;pause_on_interaction&quot;:&quot;yes&quot;,&quot;autoplay_speed&quot;:5000,&quot;infinite&quot;:&quot;yes&quot;,&quot;effect&quot;:&quot;slide&quot;,&quot;speed&quot;:500}" data-widget_type="image-carousel.default">
				<div class="elementor-widget-container">
					<div class="elementor-image-carousel-wrapper swiper-container" dir="ltr">
			<div class="elementor-image-carousel swiper-wrapper">
								<div class="swiper-slide"><figure class="swiper-slide-inner"><img decoding="async" class="swiper-slide-image" src="https://www.numerotres.org/nonumentos/wp-content/uploads/2021/09/Villa-San-Luis-de-Las-Condes-II.jpg" alt="Villa-San-Luis-de-Las-Condes-II" /></figure></div>			</div>
					</div>
				</div>
				</div>
				<div class="elementor-element elementor-element-fae9c8f elementor-aspect-ratio-169 elementor-widget elementor-widget-video" data-id="fae9c8f" data-element_type="widget" data-settings="{&quot;youtube_url&quot;:&quot;https:\/\/youtu.be\/KFPtGjdRd4c&quot;,&quot;video_type&quot;:&quot;youtube&quot;,&quot;controls&quot;:&quot;yes&quot;,&quot;aspect_ratio&quot;:&quot;169&quot;}" data-widget_type="video.default">
				<div class="elementor-widget-container">
					<div class="elementor-wrapper elementor-fit-aspect-ratio elementor-open-inline">
			<div class="elementor-video"></div>		</div>
				</div>
				</div>
					</div>
		</div>
							</div>
		</section>
				<section class="elementor-section elementor-top-section elementor-element elementor-element-5f75768 elementor-section-boxed elementor-section-height-default elementor-section-height-default" data-id="5f75768" data-element_type="section">
						<div class="elementor-container elementor-column-gap-default">
					<div class="elementor-column elementor-col-33 elementor-top-column elementor-element elementor-element-a371f3f" data-id="a371f3f" data-element_type="column">
			<div class="elementor-widget-wrap">
									</div>
		</div>
				<div class="elementor-column elementor-col-33 elementor-top-column elementor-element elementor-element-8201d55" data-id="8201d55" data-element_type="column">
			<div class="elementor-widget-wrap">
									</div>
		</div>
				<div class="elementor-column elementor-col-33 elementor-top-column elementor-element elementor-element-db1625c" data-id="db1625c" data-element_type="column">
			<div class="elementor-widget-wrap">
									</div>
		</div>
							</div>
		</section>
				<section class="elementor-section elementor-top-section elementor-element elementor-element-e5c1917 elementor-section-boxed elementor-section-height-default elementor-section-height-default" data-id="e5c1917" data-element_type="section">
						<div class="elementor-container elementor-column-gap-default">
					<div class="elementor-column elementor-col-100 elementor-top-column elementor-element elementor-element-e7f8425" data-id="e7f8425" data-element_type="column">
			<div class="elementor-widget-wrap">
									</div>
		</div>
							</div>
		</section>
				<section class="elementor-section elementor-top-section elementor-element elementor-element-2ba7936 elementor-section-boxed elementor-section-height-default elementor-section-height-default" data-id="2ba7936" data-element_type="section">
						<div class="elementor-container elementor-column-gap-default">
					<div class="elementor-column elementor-col-33 elementor-top-column elementor-element elementor-element-f4a10df" data-id="f4a10df" data-element_type="column">
			<div class="elementor-widget-wrap">
									</div>
		</div>
				<div class="elementor-column elementor-col-33 elementor-top-column elementor-element elementor-element-f8c46af" data-id="f8c46af" data-element_type="column">
			<div class="elementor-widget-wrap">
									</div>
		</div>
				<div class="elementor-column elementor-col-33 elementor-top-column elementor-element elementor-element-0353084" data-id="0353084" data-element_type="column">
			<div class="elementor-widget-wrap">
									</div>
		</div>
							</div>
		</section>
						</div>
					</div>

<p>/ VILLA SAN LUIS DE LAS CONDES La ex Villa San Luis de Las Condes, emplazada en la actual calle Presidente Riesco en la comuna de Las Condes, fue un emblemático proyecto de integración social urbana diseñado a fines de los años 60, cuya privilegiada ubicación y su valor simbólico y político han sido objeto [&hellip;]</p>
